7?
13
Calculate the highest common divisor of 1767 and 627.
57
Calculate the highest common divisor of 629 and 1147.
37
What is the highest common factor of 276 and 924?
12
What is the greatest common factor of 1815 and 15?
15
What is the highest common divisor of 11040 and 84?
12
Calculate the highest common divisor of 19 and 304.
19
What is the greatest common divisor of 8 and 136?
8
What is the highest common factor of 154 and 14?
14
Calculate the highest common factor of 7 and 4.
1
What is the highest common factor of 54477 and 9?
9
Calculate the highest common divisor of 49 and 91.
7
Calculate the highest common factor of 480 and 336.
48
Calculate the highest common factor of 36 and 81.
9
What is the greatest common factor of 248 and 868?
124
Calculate the highest common factor of 3612 and 252.
84
Calculate the greatest common factor of 5900 and 25.
25
Calculate the greatest common factor of 896 and 416.
32
Calculate the greatest common factor of 1848 and 168.
168
Calculate the greatest common divisor of 12192 and 336.
48
Calculate the greatest common factor of 322 and 42.
14
Calculate the greatest common divisor of 935 and 3553.
187
Calculate the greatest common factor of 50022 and 14.
14
What is the greatest common factor of 575 and 175?
25
What is the greatest common divisor of 64 and 864?
32
Calculate the highest common divisor of 6468 and 693.
231
Calculate the greatest common factor of 87 and 6177.
87
What is the greatest common divisor of 29 and 1?
1
Calculate the greatest common divisor of 46 and 46.
46
What is the highest common factor of 226 and 46?
2
Calculate the highest common divisor of 26 and 3510.
26
What is the greatest common divisor of 8 and 262?
2
Calculate the highest common factor of 1788 and 48.
12
What is the highest common divisor of 56 and 182?
14
What is the greatest common factor of 156 and 65?
13
Calculate the greatest common factor of 1608 and 3819.
201
Calculate the highest common factor of 59 and 236.
59
Calculate the highest common factor of 123 and 943.
41
Calculate the highest common factor of 27 and 1719.
9
What is the greatest common divisor of 92 and 4?
4
Calculate the greatest common divisor of 590 and 33925.
295
What is the highest common divisor of 374 and 55?
11
Calculate the highest common factor of 154 and 2002.
154
Calculate the greatest common divisor of 6896 and 32.
16
What is the greatest common factor of 126 and 182?
14
What is the greatest common divisor of 144 and 54?
18
What is the highest common factor of 202 and 303?
101
Calculate the greatest common divisor of 360 and 990.
90
What is the highest common factor of 11 and 2827?
11
What is the highest common divisor of 10129 and 21?
7
What is the greatest common divisor of 81 and 9?
9
Calculate the highest common factor of 29997 and 27.
27
Calculate the greatest common divisor of 1976 and 1368.
152
Calculate the highest common divisor of 60 and 2460.
60
Calculate the greatest common factor of 14 and 38.
2
Calculate the greatest common divisor of 122 and 305.
61
Calculate the greatest common factor of 24 and 124.
4
Calculate the greatest common divisor of 1972 and 3016.
116
What is the greatest common factor of 221 and 52?
13
What is the greatest common divisor of 12 and 789?
3
What is the greatest common divisor of 70 and 735?
35
What is the highest common divisor of 26 and 260?
26
What is the greatest common divisor of 3 and 15?
3
Calculate the highest common divisor of 5976 and 4.
4
What is the greatest common factor of 312 and 117?
39
What is the greatest common factor of 2227 and 221?
17
Calculate the greatest common divisor of 243 and 567.
81
Calculate the highest common divisor of 9 and 69.
3
What is the greatest common factor of 92 and 50278?
46
Calculate the greatest common divisor of 280 and 245.
35
What is the greatest common divisor of 357 and 168?
21
Calculate the greatest common factor of 4000 and 160.
160
Calculate the greatest common factor of 376 and 104.
8
Calculate the highest common divisor of 1156 and 17.
17
Calculate the highest common factor of 1826 and 33.
11
What is the greatest common factor of 270 and 10?
10
Calculate the highest common factor of 2184 and 9672.
312
What is the greatest common factor of 6119 and 211?
211
What is the greatest common divisor of 245 and 105?
35
What is the greatest common factor of 490 and 770?
70
What is the highest common factor of 517 and 11?
11
What is the highest common factor of 528 and 21032?
88
What is the greatest common divisor of 1350 and 125?
25
Calculate the greatest common factor of 126 and 54.
18
Calculate the greatest common factor of 16 and 592.
16
Calculate the greatest common factor of 1190 and 17.
17
What is the highest common divisor of 530 and 90?
10
What is the highest common divisor of 494 and 114?
38
What is the highest common divisor of 94 and 423?
47
What is the greatest common factor of 100 and 1075?
25
Calculate the highest common factor of 1519 and 14756.
217
Calculate the highest common factor of 48 and 1968.
48
What is the highest common factor of 55 and 2255?
55
What is the greatest common factor of 147 and 2730?
21
Calculate the greatest common factor of 200 and 125.
25
Calculate the highest common factor of 7345 and 65.
65
Calculate the greatest common factor of 36 and 75.
3
Calculate the highest common factor of 56504 and 56.
56
What is the greatest common factor of 26373 and 177?
177
Calculate the greatest common divisor of 2454 and 102.
6
What is the greatest common factor of 6525 and 2349?
261
Calculate the greatest common factor of 8063 and 88.
11
Calculate the highest common factor of 84 and 2268.
84
Calculate the greatest common factor of 280 and 210.
70
What is the highest common divisor of 190 and 494?
38
Calculate the greatest common divisor of 60 and 490.
10
What is the greatest common factor of 128 and 27?
1
What is the greatest common divisor of 15 and 15?
15
Calculate the highest common divisor of 10 and 110870.
10
What is the greatest common factor of 304 and 64?
16
What is the greatest common factor of 1746 and 18?
18
What is the greatest common factor of 6780 and 240?
60
Calculate the greatest common factor of 352 and 88.
88
Calculate the greatest common factor of 5 and 198.
1
Calculate the greatest common factor of 264 and 495.
33
What is the greatest common factor of 204 and 1275?
51
What is the greatest common divisor of 120 and 72?
24
Calculate the greatest common factor of 10930 and 10.
10
What is the greatest common divisor of 8 and 6296?
8
Calculate the greatest common factor of 660 and 60.
60
Calculate the highest common divisor of 860 and 7.
1
Calculate the highest common factor of 604 and 4.
4
What is the greatest common factor of 21 and 7?
7
What is the highest common divisor of 3784 and 440?
88
What is the highest common divisor of 20 and 34?
2
What is the highest common factor of 105 and 63?
21
Calculate the greatest common divisor of 88 and 1243.
11
What is the greatest common factor of 201 and 268?
67
What is the greatest common factor of 12 and 22368?
12
Calculate the greatest common divisor of 216 and 16.
8
Calculate the greatest common divisor of 66 and 390.
6
What is the highest common factor of 183 and 427?
61
Calculate the greatest common factor of 822 and 6.
6
Calculate the greatest common factor of 688 and 32.
16
What is the highest common divisor of 700 and 4400?
100
What is the greatest common divisor of 20 and 340?
20
What is the greatest common divisor of 108 and 459?
27
What is the greatest common factor of 364 and 1352?
52
What is the highest common factor of 15 and 2055?
15
What is the greatest common factor of 775 and 25?
25
What is the highest common divisor of 1323 and 4263?
147
Calculate the highest common factor of 325 and 52.
13
Calculate the highest common factor of 28 and 294.
14
What is the highest common divisor of 2781 and 108?
27
Calculate the greatest common divisor of 760 and 912.
152
Calculate the greatest common divisor of 23036 and 52.
52
Calculate the highest common factor of 520 and 740.
20
Calculate the highest common factor of 5 and 240.
5
What is the highest common factor of 2 and 3273?
1
Calculate the highest common divisor of 4032 and 408.
24
Calculate the highest common div